{"id":19,"date":"2023-11-22T10:29:40","date_gmt":"2023-11-22T10:29:40","guid":{"rendered":"https:\/\/editura.dinteleluibuddha.ro\/magazin-online\/?page_id=19"},"modified":"2024-04-15T07:47:29","modified_gmt":"2024-04-15T07:47:29","slug":"termeni-si-conditii","status":"publish","type":"page","link":"https:\/\/editura.dinteleluibuddha.ro\/magazin-online\/termeni-si-conditii\/","title":{"rendered":"Termeni \u0219i condi\u021bii"},"content":{"rendered":"<ol>\n<li>Editura &#8222;Dintele Lui Buddha&#8221; din Bucure\u0219ti este \u00eenfiin\u021bat\u0103 \u00een cadrul Delfin Software SRL (CUI: 19012600, Reg.Com.\/an: J40\/14583\/13.09.2006, Sediul: str. Ghe. Iorga nr.3, bl.59A, sc.2, et.9, ap.149, sector 5, Bucure\u015fti) \u0219i fi va fi denumit\u0103 \u00een furnizor.\n<li>Comunicarea cu furnizorul se va realiza prin intermediul formularelor din siteul https:\/\/editura.dinteleluibuddha.ro \u0219i, \u00een cazurile c\u00e2nd exist\u0103 situa\u021bii neacoperite de aceste formulare, prin adresa de email contact@dinteleluibuddha.ro.\n<li>Pre\u021burile afi\u0219ate \u00een site nu includ tarifele de livrare. Acestea vor fi ad\u0103ugate \u00eenainte de trimiterea comenzii.\n<li>Livrarea se va realiza dup\u0103 confirmarea efectu\u0103rii pl\u0103\u021bii dac\u0103 nu s-a convenit altfel \u00eentre furnizor \u0219i cump\u0103r\u0103tor.\n<li><a name=\"l\"><\/a>Livr\u0103rile vor fi expediate \u00een prima zi lucr\u0103toare a s\u0103pt\u0103m\u00e2nii urm\u0103toare prin Po\u0219ta Rom\u00e2n\u0103, timpul total de livrare depinz\u00e2nd \u0219i de condi\u021biile acesteia. Ex:  dac\u0103 a\u021bi efectuat comanda miercuri, aceasta va fi trimis\u0103 la Oficiul Po\u0219tal lunea urm\u0103toare dac\u0103 aceast\u0103 zi de luni nu este s\u0103rb\u0103toare legal\u0103, \u00een caz contrar va fi trimis\u0103 \u00een urm\u0103toare zi care este zi lucr\u0103toare.<\/li>\n<li>Datele d-voastr\u0103 sunt confiden\u021biale \u0219i vor fi utilizate strict \u00een scopul pentru care au fost furnizate.<\/li>\n<li><a name=\"r\"><\/a>Pentru exercitarea dreptului de retragere din contract (retur al produselor comandate online \u00een termen de  14 zile) este necesar s\u0103 informa\u021bi furnizorul la adresa de e-mail contact@dinteleluibuddha.ro printr-un email cu subiectul &#8222;Retur &#8230;&#8221; (\u00een locul &#8222;&#8230;&#8221; va fi trecut num\u0103rul comenzii) \u0219i care s\u0103 con\u021bin\u0103 \u0219i dovada datei recep\u021biei (scan, fotografie), iar dup\u0103 confirmarea furnizorului s\u0103 trimite\u021bi la adresa specificat\u0103 de furnizor produsul \u00een aceea\u0219i stare \u00een care l-a\u021bi primit (nu sunt acceptate produsele care au suferit modific\u0103ri fizice dup\u0103 momentul livr\u0103rii) \u0219i cu acela\u0219i serviciu de curierat prin care a\u021bi primit coletul dac\u0103 nu s-a convenit altfel. \u00cen situa\u021bia \u00een care cump\u0103r\u0103torul nu preia coletul furnizorul va rambursa doar suma de bani aferent\u0103 produsului comandat, nu \u0219i a taxei de transport. Rambursarea va fi realizat\u0103 prin modalitate folosit\u0103 pentru tranzac\u021bia pl\u0103\u021bii produsului \u00een termen de 14 zile de la data primirii \u0219i verific\u0103rii conformit\u0103\u021bii produsului returnat.<\/li>\n<li>Con\u0163inutul siteului https:\/\/editura.dinteleluibuddha.ro este proprietatea editurii &#8222;Dintele Lui Buddha&#8221;.<\/li>\n<li>Condi\u021biile acestor termeni \u0219i condi\u021bii de utilizare se completeaz\u0103 cu dispozi\u021biile legale ale Rom\u00e2niei \u0219i Uniunii Europene.<\/li>\n<li>Termenii \u0219i condi\u021bii de utilizare pot fi modifica\u021bi, iar noua form\u0103 va fi afi\u0219at\u0103 pe siteul https:\/\/editura.dinteleluibuddha.ro.<\/li>\n<\/ol>\n","protected":false},"excerpt":{"rendered":"<p>Editura &#8222;Dintele Lui Buddha&#8221; din Bucure\u0219ti este \u00eenfiin\u021bat\u0103 \u00een cadrul Delfin Software SRL (CUI: 19012600, Reg.Com.\/an: J40\/14583\/13.09.2006, Sediul: str. Ghe. Iorga nr.3, bl.59A, sc.2, et.9, ap.149, sector 5, Bucure\u015fti) \u0219i fi va fi denumit\u0103 \u00een furnizor. Comunicarea cu furnizorul se va realiza prin intermediul formularelor din siteul https:\/\/editura.dinteleluibuddha.ro \u0219i, \u00een cazurile c\u00e2nd exist\u0103 situa\u021bii neacoperite [&hellip;]<\/p>\n","protected":false},"author":1,"featured_media":0,"parent":0,"menu_order":0,"comment_status":"closed","ping_status":"closed","template":"","meta":{"footnotes":""},"class_list":["post-19","page","type-page","status-publish","hentry"],"_links":{"self":[{"href":"https:\/\/editura.dinteleluibuddha.ro\/magazin-online\/wp-json\/wp\/v2\/pages\/19","targetHints":{"allow":["GET"]}}],"collection":[{"href":"https:\/\/editura.dinteleluibuddha.ro\/magazin-online\/wp-json\/wp\/v2\/pages"}],"about":[{"href":"https:\/\/editura.dinteleluibuddha.ro\/magazin-online\/wp-json\/wp\/v2\/types\/page"}],"author":[{"embeddable":true,"href":"https:\/\/editura.dinteleluibuddha.ro\/magazin-online\/wp-json\/wp\/v2\/users\/1"}],"replies":[{"embeddable":true,"href":"https:\/\/editura.dinteleluibuddha.ro\/magazin-online\/wp-json\/wp\/v2\/comments?post=19"}],"version-history":[{"count":10,"href":"https:\/\/editura.dinteleluibuddha.ro\/magazin-online\/wp-json\/wp\/v2\/pages\/19\/revisions"}],"predecessor-version":[{"id":83,"href":"https:\/\/editura.dinteleluibuddha.ro\/magazin-online\/wp-json\/wp\/v2\/pages\/19\/revisions\/83"}],"wp:attachment":[{"href":"https:\/\/editura.dinteleluibuddha.ro\/magazin-online\/wp-json\/wp\/v2\/media?parent=19"}],"curies":[{"name":"wp","href":"https:\/\/api.w.org\/{rel}","templated":true}]}}